[INFO] fetching crate vlq-rust 0.4.0...
[INFO] checking vlq-rust-0.4.0 against master#e6e4f7ed1589e03bc2f6c5931c1a72e7947e8682 for beta-170-4
[INFO] extracting crate vlq-rust 0.4.0 into /workspace/builds/worker-4-tc2/source
[INFO] validating manifest of crates.io crate vlq-rust 0.4.0 on toolchain e6e4f7ed1589e03bc2f6c5931c1a72e7947e8682
[INFO] running `Command { std: CARGO_HOME="/workspace/cargo-home" RUSTUP_HOME="/workspace/rustup-home" "/workspace/cargo-home/bin/cargo" "+e6e4f7ed1589e03bc2f6c5931c1a72e7947e8682" "metadata" "--manifest-path" "Cargo.toml" "--no-deps", kill_on_drop: false }`
[INFO] started tweaking crates.io crate vlq-rust 0.4.0
[INFO] finished tweaking crates.io crate vlq-rust 0.4.0
[INFO] tweaked toml for crates.io crate vlq-rust 0.4.0 written to /workspace/builds/worker-4-tc2/source/Cargo.toml
[INFO] crate crates.io crate vlq-rust 0.4.0 already has a lockfile, it will not be regenerated
[INFO] running `Command { std: CARGO_HOME="/workspace/cargo-home" RUSTUP_HOME="/workspace/rustup-home" "/workspace/cargo-home/bin/cargo" "+e6e4f7ed1589e03bc2f6c5931c1a72e7947e8682" "fetch" "--manifest-path" "Cargo.toml", kill_on_drop: false }`
[INFO] running `Command { std: "docker" "create" "-v" "/var/lib/crater-agent-workspace/builds/worker-4-tc2/target:/opt/rustwide/target:rw,Z" "-v" "/var/lib/crater-agent-workspace/builds/worker-4-tc2/source:/opt/rustwide/workdir:ro,Z" "-v" "/var/lib/crater-agent-workspace/cargo-home:/opt/rustwide/cargo-home:ro,Z" "-v" "/var/lib/crater-agent-workspace/rustup-home:/opt/rustwide/rustup-home:ro,Z" "-e" "SOURCE_DIR=/opt/rustwide/workdir" "-e" "CARGO_TARGET_DIR=/opt/rustwide/target" "-e" "CARGO_HOME=/opt/rustwide/cargo-home" "-e" "RUSTUP_HOME=/opt/rustwide/rustup-home" "-w" "/opt/rustwide/workdir" "-m" "1610612736" "--user" "0:0" "--network" "none" "ghcr.io/rust-lang/crates-build-env/linux@sha256:19e73879b68f455e41552ea35293514db52ea292d993f571636dbffedb77a1ee" "/opt/rustwide/cargo-home/bin/cargo" "+e6e4f7ed1589e03bc2f6c5931c1a72e7947e8682" "metadata" "--no-deps" "--format-version=1", kill_on_drop: false }`
[INFO] [stdout] cdfb3dcff5558a1d7ab622f478c6a074744b3eff07503d03e8c5c291d61a721a
[INFO] running `Command { std: "docker" "start" "-a" "cdfb3dcff5558a1d7ab622f478c6a074744b3eff07503d03e8c5c291d61a721a", kill_on_drop: false }`
[INFO] running `Command { std: "docker" "inspect" "cdfb3dcff5558a1d7ab622f478c6a074744b3eff07503d03e8c5c291d61a721a", kill_on_drop: false }`
[INFO] running `Command { std: "docker" "rm" "-f" "cdfb3dcff5558a1d7ab622f478c6a074744b3eff07503d03e8c5c291d61a721a", kill_on_drop: false }`
[INFO] [stdout] cdfb3dcff5558a1d7ab622f478c6a074744b3eff07503d03e8c5c291d61a721a
[INFO] running `Command { std: "docker" "create" "-v" "/var/lib/crater-agent-workspace/builds/worker-4-tc2/target:/opt/rustwide/target:rw,Z" "-v" "/var/lib/crater-agent-workspace/builds/worker-4-tc2/source:/opt/rustwide/workdir:ro,Z" "-v" "/var/lib/crater-agent-workspace/cargo-home:/opt/rustwide/cargo-home:ro,Z" "-v" "/var/lib/crater-agent-workspace/rustup-home:/opt/rustwide/rustup-home:ro,Z" "-e" "SOURCE_DIR=/opt/rustwide/workdir" "-e" "CARGO_TARGET_DIR=/opt/rustwide/target" "-e" "CARGO_INCREMENTAL=0" "-e" "RUST_BACKTRACE=full" "-e" "RUSTFLAGS=--cap-lints=forbid" "-e" "RUSTDOCFLAGS=--cap-lints=forbid" "-e" "CARGO_HOME=/opt/rustwide/cargo-home" "-e" "RUSTUP_HOME=/opt/rustwide/rustup-home" "-w" "/opt/rustwide/workdir" "-m" "1610612736" "--user" "0:0" "--network" "none" "ghcr.io/rust-lang/crates-build-env/linux@sha256:19e73879b68f455e41552ea35293514db52ea292d993f571636dbffedb77a1ee" "/opt/rustwide/cargo-home/bin/cargo" "+e6e4f7ed1589e03bc2f6c5931c1a72e7947e8682" "check" "--frozen" "--all" "--all-targets" "--message-format=json", kill_on_drop: false }`
[INFO] [stdout] 79420ecd46242267c10d66ad492e757884df47a1d0b4ca63b4cbd71c1e21774a
[INFO] running `Command { std: "docker" "start" "-a" "79420ecd46242267c10d66ad492e757884df47a1d0b4ca63b4cbd71c1e21774a", kill_on_drop: false }`
[INFO] [stderr]    Compiling libc v0.2.62
[INFO] [stderr]    Compiling getrandom v0.1.12
[INFO] [stderr]     Checking cfg-if v0.1.10
[INFO] [stderr]     Checking ppv-lite86 v0.2.5
[INFO] [stderr]     Checking vlq-rust v0.4.0 (/opt/rustwide/workdir)
[INFO] [stderr]     Checking c2-chacha v0.2.2
[INFO] [stderr]     Checking rand_core v0.5.1
[INFO] [stderr]     Checking rand_chacha v0.2.1
[INFO] [stderr]     Checking rand v0.7.2
[INFO] [stdout] error[E0433]: failed to resolve: could not find `fast` in `vlq_rust`
[INFO] [stdout]   --> benches/basic.rs:17:29
[INFO] [stdout]    |
[INFO] [stdout] 17 |     let encoded = vlq_rust::fast::encode(value);
[INFO] [stdout]    |                             ^^^^ could not find `fast` in `vlq_rust`
[INFO] [stdout] 
[INFO] [stdout] 
[INFO] [stdout] error[E0433]: failed to resolve: could not find `fast` in `vlq_rust`
[INFO] [stdout]   --> benches/basic.rs:18:15
[INFO] [stdout]    |
[INFO] [stdout] 18 |     vlq_rust::fast::decode(encoded)
[INFO] [stdout]    |               ^^^^ could not find `fast` in `vlq_rust`
[INFO] [stdout] 
[INFO] [stdout] 
[INFO] [stdout] error[E0433]: failed to resolve: could not find `fast` in `vlq_rust`
[INFO] [stdout]   --> benches/basic.rs:22:29
[INFO] [stdout]    |
[INFO] [stdout] 22 |     let encoded = vlq_rust::fast::encode(value);
[INFO] [stdout]    |                             ^^^^ could not find `fast` in `vlq_rust`
[INFO] [stdout] 
[INFO] [stdout] 
[INFO] [stdout] error[E0433]: failed to resolve: could not find `fast` in `vlq_rust`
[INFO] [stdout]   --> benches/basic.rs:25:35
[INFO] [stdout]    |
[INFO] [stdout] 25 | fn decode_fast(encoded: vlq_rust::fast::FastVlq) -> u64 {
[INFO] [stdout]    |                                   ^^^^ could not find `fast` in `vlq_rust`
[INFO] [stdout] 
[INFO] [stdout] 
[INFO] [stdout] error[E0433]: failed to resolve: could not find `fast` in `vlq_rust`
[INFO] [stdout]   --> benches/basic.rs:26:15
[INFO] [stdout]    |
[INFO] [stdout] 26 |     vlq_rust::fast::decode(encoded)
[INFO] [stdout]    |               ^^^^ could not find `fast` in `vlq_rust`
[INFO] [stdout] 
[INFO] [stdout] 
[INFO] [stdout] error[E0433]: failed to resolve: could not find `fast` in `vlq_rust`
[INFO] [stdout]   --> benches/basic.rs:80:27
[INFO] [stdout]    |
[INFO] [stdout] 80 |     let value = vlq_rust::fast::encode(rng.gen::<u8>() as u64);
[INFO] [stdout]    |                           ^^^^ could not find `fast` in `vlq_rust`
[INFO] [stdout] 
[INFO] [stdout] 
[INFO] [stdout] error[E0433]: failed to resolve: could not find `fast` in `vlq_rust`
[INFO] [stdout]   --> benches/basic.rs:87:27
[INFO] [stdout]    |
[INFO] [stdout] 87 |     let value = vlq_rust::fast::encode(rng.gen::<u16>() as u64);
[INFO] [stdout]    |                           ^^^^ could not find `fast` in `vlq_rust`
[INFO] [stdout] 
[INFO] [stdout] 
[INFO] [stdout] error[E0433]: failed to resolve: could not find `fast` in `vlq_rust`
[INFO] [stdout]   --> benches/basic.rs:94:27
[INFO] [stdout]    |
[INFO] [stdout] 94 |     let value = vlq_rust::fast::encode(rng.gen::<u32>() as u64);
[INFO] [stdout]    |                           ^^^^ could not find `fast` in `vlq_rust`
[INFO] [stdout] 
[INFO] [stdout] 
[INFO] [stdout] error[E0433]: failed to resolve: could not find `fast` in `vlq_rust`
[INFO] [stdout]    --> benches/basic.rs:101:27
[INFO] [stdout]     |
[INFO] [stdout] 101 |     let value = vlq_rust::fast::encode(rng.gen::<u64>() as u64);
[INFO] [stdout]     |                           ^^^^ could not find `fast` in `vlq_rust`
[INFO] [stdout] 
[INFO] [stdout] 
[INFO] [stdout] warning: unused import: `Vlq`
[INFO] [stdout]  --> benches/basic.rs:8:33
[INFO] [stdout]   |
[INFO] [stdout] 8 | use vlq_rust::{ReadVlqExt as _, Vlq, WriteVlqExt as _};
[INFO] [stdout]   |                                 ^^^
[INFO] [stdout]   |
[INFO] [stdout]   = note: `#[warn(unused_imports)]` on by default
[INFO] [stdout] 
[INFO] [stdout] 
[INFO] [stdout] error: aborting due to 9 previous errors; 1 warning emitted
[INFO] [stdout] 
[INFO] [stdout] 
[INFO] [stdout] For more information about this error, try `rustc --explain E0433`.
[INFO] [stdout] 
[INFO] [stderr] error: could not compile `vlq-rust` (bench "basic") due to 10 previous errors; 1 warning emitted
[INFO] [stderr] warning: build failed, waiting for other jobs to finish...
[INFO] running `Command { std: "docker" "inspect" "79420ecd46242267c10d66ad492e757884df47a1d0b4ca63b4cbd71c1e21774a", kill_on_drop: false }`
[INFO] running `Command { std: "docker" "rm" "-f" "79420ecd46242267c10d66ad492e757884df47a1d0b4ca63b4cbd71c1e21774a", kill_on_drop: false }`
[INFO] [stdout] 79420ecd46242267c10d66ad492e757884df47a1d0b4ca63b4cbd71c1e21774a
